f(n) = -n**3 + n**2 + 4*n - 5. Determine f(t).
-37
Let q(n) = -n**3 + 6*n**2 - 5*n + 4. Suppose -8*m - 564 + 588 = 0. Determine q(m).
16
Let d(g) = -2*g**2 + 48*g + 693. Let u be d(34). Let c(a) = -a - 24. Calculate c(u).
-37
Let l(x) = -8*x**2 + 6*x - 566238*x**3 + 566237*x**3 - 3 + x**2. Suppose 2*p = 2*f + 6 - 26, -5*p - 38 = f. What is l(p)?
13
Let o(k) = -17*k - 7. Let j be (-12)/10*-1*(10 + -15). Determine o(j).
95
Suppose 17*h = 4*h. Suppose -3*k - 3*g = 411, -4*g + h*g + 640 = -5*k. Let c = 131 + k. Let m(t) = -6*t**3 - t**2 - t - 1. Give m(c).
5
Suppose -794 = -63*h + 340. Let y be (15/h)/((-1)/6). Let b(c) = c + 8. Determine b(y).
3
Let r(x) = 21*x + 2. Let s(m) = 85*m + 9. Let q(y) = -4*r(y) + s(y). What is q(-2)?
-1
Let y(h) = -h**2 - h. Let t = 72 - 8. Let q = t - 65. Give y(q).
0
Let y(f) be the first derivative of -17*f**4/4 - 2*f**3/3 - f**2/2 + 2*f + 161. Give y(1).
-18
Let q(m) = 40*m - 14. Let t(y) = 182*y - 54. Let s(w) = -18*q(w) + 4*t(w). Calculate s(-15).
-84
Let y(i) be the second derivative of -13*i**5/20 - i**4/6 - 2*i**3/3 - 2*i**2 + i + 1041. Calculate y(-2).
100
Let l(h) = 2*h - 2. Let w be (-4)/18 + 1736/(-126). Let n = w + -13. Let q = n + 30. Determine l(q).
4
Let q(l) = 4*l**3 - 4*l**2 + 3*l. Let z be 35/21*3/1. Let s be 12/9*(-2 + z). Suppose -4*u - 2*t = -3*u + 2, -s*t - 8 = 0. Calculate q(u).
22
Let u = 214 - 218. Let o(n) = 2*n**2 - 11*n + 8. Let j be 5 + 0 + 2 + 2. Let w(k) = k**2 - 5*k + 4. Let b(a) = j*w(a) - 4*o(a). Calculate b(u).
24
Let q(b) = -b + 10. Let i be q(15). Let m = -159 + 162. Let s(z) = -6*z + 5 + m*z - z + 1. Calculate s(i).
26
Let h(d) = 87*d**2 + 0 - 3 + 12 - 86*d**2 + 4 + 7*d. Give h(-5).
3
Let r(i) = -3*i + 38. Let q = 4855 - 4844. Calculate r(q).
5
Let i(u) be the second derivative of -u**3/3 - 12*u**2 - 108*u. What is i(10)?
-44
Let p(s) = -55 + 4*s - 20*s + 21*s. Let c be p(10). Let j(y) = -3*y**2 - 2*y - y**3 - 2*y - 5 - 3*y**2 + 0*y. Determine j(c).
-10
Suppose 180 = -99*m + 1097 + 964. Let i(u) = -4*u + 21. Determine i(m).
-55
Let g(n) = n**3 - 10*n**2 + 3*n + 111. Let p be g(8). Let w(b) be the third derivative of b**4/24 + 5*b**3/6 + b**2. What is w(p)?
12
Let y(h) = -2*h - 3. Suppose -100 = -f - 4*l, 5*f - 4*l = -234 + 806. Let x = f + -110. Determine y(x).
-7
Let g(a) be the third derivative of -2*a**2 - 1/60*a**6 + 0 - 1/15*a**5 - 1/12*a**4 + 0*a + 1/6*a**3. Calculate g(-2).
5
Let n(r) = -r**3 + 6*r**2 + r + 5. Let g be 10 + (-2 - 0) - 8. Calculate n(g).
5
Let r(u) = -14*u**2 + 4*u - 83. Let v(a) = -11*a**2 + 5*a - 60. Let y(x) = 2*r(x) - 3*v(x). Give y(2).
20
Suppose -106*f + 48 + 164 = 0. Let a(z) be the first derivative of -1/4*z**4 + 5*z + 14 - z**3 + 2*z**f. What is a(-4)?
5
Let c(o) = -2 + 28*o**3 + 0 - 44*o**3 + 3 + o - o**2. Let l(q) = q**3 - 9*q**2 + 2*q - 19. Let t = 90 - 81. Let y be l(t). Give c(y).
15
Let h(p) = p**2 + 3*p - 23. Let u = 3977 + -3983. Give h(u).
-5
Let q be (((-196)/77)/(-7))/(6/33). Suppose -3*x - 3*w - w - 7 = 0, -5*x + w = -19. Let o(c) = 3*c - c - 4*c + 4*c**2 - c**x. Calculate o(q).
4
Suppose -3*g - 4*v - 21 = -4*g, -g - 5*v = 6. Suppose -g*f - 2*f - 44 = 0. Let o(i) = -i + 3. Calculate o(f).
7
Let l(o) = o + 38. Suppose 29*t - 107 + 373 = 10*t. Give l(t).
24
Let s(h) = 4*h**2 - h. Let t(b) = 71*b**3 + 6*b**2 - b - 1. Let o(n) = -s(n) + t(n). Give o(-1).
-70
Let d(z) = 3*z**2 + 12*z - 11*z**2 - 13*z. Let m be 3*(-12)/9 - 5/(-1). Calculate d(m).
-9
Let y(s) = 17 - 8*s**2 - 3*s + 2*s + 9*s**2. Let p be (-7)/(-2) - 112/32. Calculate y(p).
17
Let o(r) = -194 + 6*r + 215 + 5. What is o(-3)?
8
Let q(u) = 5*u + 6. Let w(h) = h. Let k be 4/(-6)*2/(4/3). Let i(v) = k*q(v) + 3*w(v). Give i(0).
-6
Let n = -1164 - -812. Let z = 352 + n. Let r(t) = -t + 3. What is r(z)?
3
Let v be (-52)/5 + (2002/(-70) - -28). Let s(t) = -t**3 - 11*t**2 + 2*t + 31. Calculate s(v).
9
Let k(r) = 17 + 0 - 15 - 15 + 11*r. Give k(1).
-2
Let k(y) be the first derivative of -1/3*y**3 + 7/2*y**2 - 2 - 4*y. Suppose 0 = 5*l - 3 - 27. Calculate k(l).
2
Suppose -7*n + g = -2*n - 70, -14 = -n + 2*g. Suppose 5*u - n*u - 63 = 0. Let v(a) = -a**3 - 7*a**2 - 3*a - 13. Give v(u).
8
Let p(n) = -27*n + 1. Let b(s) = -47*s + 1. Let w(u) = 4*b(u) - 7*p(u). Let o be (-1 - 3) + 12/2. Suppose 0 = -o*t - 2*t. Determine w(t).
-3
Let h be 0/2 + 1 + -5. Let s(p) = -p**3 - p**2 + 156. Let d be s(0). Let w(q) = 4*q**2 - 3 - 160*q + q**3 + d*q - 2. What is w(h)?
11
Let n(h) = 3*h + 5. Let x(b) = -30*b + 23. Let u be x(1). Let w(t) = t**3 + 9*t**2 + 8*t + 3. Let o be w(-8). Let i = o + u. Calculate n(i).
-7
Let c(m) be the third derivative of 11*m**5/60 + 13*m**2. Let y be (-3)/((-3)/(-5))*(14 - 12). Let j be (-17)/15 - y/75. Calculate c(j).
11
Let n(k) = -k**2 - 5*k - 1. Let d be 10 + -24 - (-2)/(-1). Let v = -9 - d. Suppose -a = -v*a - 24. Calculate n(a).
3
Let a(q) = -8*q + 16. Let i(x) = 7*x - 11. Let f(p) = 2*a(p) + 3*i(p). Suppose -2*o + 7*o = k - 13, 0 = -3*o. Let c = -15 + k. Calculate f(c).
-11
Let s be 310/7 - (-66)/(-231). Suppose 18*o = -s - 46. Let j(n) = n**3 + 4*n**2 - 5*n + 3. Determine j(o).
3
Let d(v) be the third derivative of -25/6*v**3 + 0*v**4 + 0*v - 16*v**2 + 0 + 1/40*v**5. Let j(y) be the first derivative of d(y). Determine j(3).
9
Let h(v) = v**3 + 4*v**2 + 4*v + 1. Suppose -3*w + 5*d = 6*d - 357, 4*d = 0. Let q = w - 123. Give h(q).
-15
Let k(d) be the third derivative of -d**4/6 - d**3/3 + d**2. Let q(x) = 20*x**2 - 318*x - 34. Let v be q(16). Give k(v).
6
Let f be (-4)/8*-4*(-91)/26. Let h(q) = 0*q + 7*q - 4 - 11*q**2 + 12*q**2. Determine h(f).
-4
Suppose -107*i = -93*i - 56. Let b(x) = -2*x + 1 + 0 + 5*x + x**3 - 4*x**2 - x**2. What is b(i)?
-3
Let j(k) = -k**3 + 3*k**2 + 6*k - 4. Let f be j(4). Let o(h) = -5*h**2 + 11*h + 7. Let g(w) = -2*w**2 + 4*w + 3. Let r(m) = 8*g(m) - 3*o(m). Give r(f).
-17
Let k(t) = t**2 - 13*t + 1. Let z be (-20)/(-15)*(-6)/(-8)*-2. Let w be (14/z + 2)/((-50)/60). Determine k(w).
-41
Let p(f) = -8*f + 2. Let d(w) = -1 - 2 - 4346*w + 4361*w. Let m(q) = -3*d(q) - 5*p(q). Calculate m(2).
-11
Let c(b) = 308*b - 1839. Let w be c(6). Let j(r) = 5*r - 7. What is j(w)?
38
Let n(i) = 24*i**2 - 32*i - 23. Let q(w) = -23*w**2 + 28*w + 20. Let g(b) = 8*n(b) + 9*q(b). Calculate g(-2).
-56
Let j(t) be the second derivative of -t**4/6 - 7*t**3/6 + 7*t**2/2 - 9*t + 1. Determine j(-6).
-23
Let h = 78 + -56. Let a(x) = x + h - 29 + 12. Let y be 1/(-2*3/(-36)). What is a(y)?
11
Let s(k) = -k**3 + k**2 - 2. Let g be s(0). Let w(x) be the third derivative of -x**5/30 + x**3/3 + 5*x**2 + 7*x. What is w(g)?
-6
Let d(n) = -n**3 - n**2 + 3*n - 50. Let i = 423 + -423. Give d(i).
-50
Let d(r) be the first derivative of -r**4/4 - 4*r**3/3 + 2*r**2 - 12*r + 1483. Calculate d(-5).
-7
Let r(w) = 29*w**2 + 4*w - 17. Let f(c) = -23*c**2 - c + 19. Let g(q) = 5*f(q) + 4*r(q). Give g(-11).
27
Let h(c) be the first derivative of -1/60*c**5 - 5/12*c**4 + 1/3*c**3 + 14 + 0*c**2 + 0*c. Let y(o) be the third derivative of h(o). Determine y(-8).
6
Let y(p) = -3*p + 26. Let q(h) = 9*h - 62. Let i(a) = -3*q(a) - 8*y(a). Give i(-14).
20
Let r(z) = 2*z + 6. Let p(k) = 4*k + 56. Let g be p(-13). Suppose 0 = 5*u + g*v - 46, 0 = -12*u + 13*u - 5*v + 14. Give r(u).
18
Suppose -2*m + 45 = -5*a, 0 = 2*m - 5*m - 15. Let x(f) = -4*f**2 - 10*f + 1. Let l(k) = -5*k**2 - 14*k + 1. Let r(v) = -5*l(v) + 6*x(v). Determine r(a).
12
Let m be (-4 - -7) + 2*2. Let n be (-2)/(-7) - 2/m. Let o(b) be the second derivative of b**5/20 - b**4/12 + b**3/6 - 11*b**2/2 - 530*b. Calculate o(n).
-11
Let t(c) = c**3 - 5*c**2 - c + 7. Let h be t(5). Let b(s) = -4*s**2 + 2*s**h + 3*s**2 - 20*s + 18*s - 5. Calculate b(-4).
19
Let u(j) be the second derivative of 13*j + 0 - 13/2*j**2 + 1/2*j**3. Determine u(6).
5
Let j(b) = -76*b - 15. Let i be j(-3). Let s = -207 + i. Let y(m) = -m**2 + 8*m - 1. What is y(s)?
11
Let h(a) = a**2 + 3*a + 2. Let t(s) = -2*s**2 - 3*s - 1. Let q(u) = -3*h(u) - 2*t(u). Let j(o) = -5*o - 31. Let w be j(-8). Suppose w = -3*g + 18. What is q(g)?
-4
Let p be (-6)/21 + -69*8/(-168). Let i(t) = 146*t - 300*t + 161*t + 7*t**2 - t**p. What is i(8)?
-8
Let j(r) = -2*r**3 + 7*r**2 + 8. Let n(m) = m**3 - 5*m**2 - 7*m + 4. Let d be n(6). Let g(c) = -c**3 + 7*c**2 + 8. Let l(s) = d*j(s) + 3*g(s). What is